{"id":15,"date":"2017-01-19T13:59:00","date_gmt":"2017-01-19T13:59:00","guid":{"rendered":"http:\/\/sw-themes.com\/porto_dummy\/elementor\/business-consulting\/?page_id=15"},"modified":"2021-04-26T12:57:31","modified_gmt":"2021-04-26T12:57:31","slug":"hakkimizda","status":"publish","type":"page","link":"https:\/\/www.tahirmeral.com.tr\/?page_id=15","title":{"rendered":"Hakk\u0131m\u0131zda"},"content":{"rendered":"\t\t<div data-elementor-type=\"wp-page\" data-elementor-id=\"15\" class=\"elementor elementor-15\" data-elementor-settings=\"[]\">\n\t\t\t\t\t\t\t<div class=\"elementor-section-wrap\">\n\t\t\t\t\t\t\t<section class=\"elementor-section elementor-top-section elementor-element elementor-element-dccd281 elementor-section-boxed elementor-section-height-default elementor-section-height-default\" data-id=\"dccd281\" data-element_type=\"section\">\r\n\t\t\t\r\n\t\t\t\t\t\t\t\t\t<div class=\"elementor-container elementor-column-gap-default\">\r\n\t\t\t\t\t\t\t\t\t\t\t<div class=\"elementor-column elementor-col-100 elementor-top-column elementor-element elementor-element-05e5808\" data-id=\"05e5808\" data-element_type=\"column\">\n\t\t\t<div class=\"elementor-widget-wrap elementor-element-populated\">\n\t\t\t\t\t\t\t\t<div class=\"elementor-element elementor-element-2392bff elementor-invisible elementor-widget elementor-widget-html\" data-id=\"2392bff\" data-element_type=\"widget\" data-settings=\"{&quot;_animation&quot;:&quot;fadeIn&quot;,&quot;_animation_delay&quot;:&quot;200&quot;}\" data-widget_type=\"html.default\">\n\t\t\t\t<div class=\"elementor-widget-container\">\n\t\t\t\u015eirket kurucusu \u201cTahir Meral\u201d zaman\u0131n izd\u00fc\u015f\u00fcmlerini mek\u00e2na yans\u0131tmak i\u00e7in 3G Yap\u0131 \u0130n\u015faat firmas\u0131 ile 2009 y\u0131l\u0131nda in\u015faat sekt\u00f6r\u00fcne girdi.\r\n\r\n2012 y\u0131l\u0131nda 3G Yap\u0131 \u0130n\u015faat sekt\u00f6rdeki tecr\u00fcbesini \u201cTahir Meral Yap\u0131\u201d \u00e7at\u0131s\u0131 alt\u0131nda birle\u015ftirdi. \r\n\r\nKurulu\u015f felsefesini; insana sa\u011fl\u0131kl\u0131 ya\u015fam alan\u0131, do\u011faya sayg\u0131, \u015fehir k\u00fclt\u00fcr\u00fcne katk\u0131 olarak temellendirdi. \r\n\r\nGaziantep gibi kadim bir \u015fehirde tarihi ve k\u00fclt\u00fcrel dokunun ruhuna uygun olarak konutlar ve i\u015f yerleri yapmay\u0131 ama\u00e7lad\u0131. \r\n\u0130n\u015faat sekt\u00f6r\u00fc ile beraber hayvanc\u0131l\u0131k alan\u0131nda hizmet veren \u201c\u00dcnmer Proje ve Hayvanc\u0131l\u0131k\u201d firmas\u0131 ile \u00f6z sermayesini g\u00fc\u00e7lendirdi.\r\n\r\nGaziantep\u2019in \u00f6nde gelen firmalar\u0131ndan biri olarak hizmet veren \u201cTahir Meral Yap\u0131\u201d kendine \u00f6zg\u00fc \u00e7ok say\u0131da projeye imza att\u0131. \r\n\r\nKendi projeleri ile beraber sekt\u00f6r\u00fcn g\u00fc\u00e7l\u00fc firmalar\u0131 ile \u201cproje ortakl\u0131\u011f\u0131\u201d geli\u015ftirdi. \r\nTahir Meral Yap\u0131 \u201cBiri mutlaka size g\u00f6re\u201d slogan\u0131 ile ya\u015fam alanlar\u0131 in\u015fa etmeye devam etmektedir.\r\n\t\t<\/div>\n\t\t\t\t<\/div>\n\t\t\t\t\t<\/div>\n\t\t<\/div>\n\t\t\t\t\t\t<\/div>\r\n\t\t\t\t<\/section>\r\n\t\t\t\t<section class=\"elementor-section elementor-top-section elementor-element elementor-element-db06b63 elementor-section-boxed elementor-section-height-default elementor-section-height-default\" data-id=\"db06b63\" data-element_type=\"section\">\r\n\t\t\t\r\n\t\t\t\t\t\t\t\t\t<div class=\"elementor-container elementor-column-gap-default\">\r\n\t\t\t\t\t\t\t\t\t\t\t<div class=\"elementor-column elementor-col-33 elementor-top-column elementor-element elementor-element-56a092d elementor-invisible\" data-id=\"56a092d\" data-element_type=\"column\" data-settings=\"{&quot;animation&quot;:&quot;fadeInLeft&quot;,&quot;animation_delay&quot;:&quot;200&quot;}\">\n\t\t\t<div class=\"elementor-widget-wrap elementor-element-populated\">\n\t\t\t\t\t\t\t\t<div class=\"elementor-element elementor-element-ed51734 elementor-widget elementor-widget-image\" data-id=\"ed51734\" data-element_type=\"widget\" data-widget_type=\"image.default\">\n\t\t\t\t<div class=\"elementor-widget-container\">\n\t\t\t\t\t\t\t\t\t\t\t\t\t\t\t<img width=\"1024\" height=\"701\" src=\"https:\/\/www.tahirmeral.com.tr\/wp-content\/uploads\/2021\/04\/ofis3-1024x701.jpg\" class=\"attachment-large size-large\" alt=\"\" loading=\"lazy\" srcset=\"https:\/\/www.tahirmeral.com.tr\/wp-content\/uploads\/2021\/04\/ofis3-1024x701.jpg 1024w, https:\/\/www.tahirmeral.com.tr\/wp-content\/uploads\/2021\/04\/ofis3-768x526.jpg 768w, https:\/\/www.tahirmeral.com.tr\/wp-content\/uploads\/2021\/04\/ofis3-640x438.jpg 640w, https:\/\/www.tahirmeral.com.tr\/wp-content\/uploads\/2021\/04\/ofis3-400x274.jpg 400w, https:\/\/www.tahirmeral.com.tr\/wp-content\/uploads\/2021\/04\/ofis3-367x251.jpg 367w, https:\/\/www.tahirmeral.com.tr\/wp-content\/uploads\/2021\/04\/ofis3-600x411.jpg 600w\" sizes=\"(max-width: 1024px) 100vw, 1024px\" \/>\t\t\t\t\t\t\t\t\t\t\t\t\t\t\t<\/div>\n\t\t\t\t<\/div>\n\t\t\t\t\t<\/div>\n\t\t<\/div>\n\t\t\t\t<div class=\"elementor-column elementor-col-33 elementor-top-column elementor-element elementor-element-9b9c6a2 elementor-invisible\" data-id=\"9b9c6a2\" data-element_type=\"column\" data-settings=\"{&quot;animation&quot;:&quot;fadeInLeft&quot;,&quot;animation_delay&quot;:&quot;500&quot;}\">\n\t\t\t<div class=\"elementor-widget-wrap elementor-element-populated\">\n\t\t\t\t\t\t\t\t<div class=\"elementor-element elementor-element-45558b2 elementor-widget elementor-widget-image\" data-id=\"45558b2\" data-element_type=\"widget\" data-widget_type=\"image.default\">\n\t\t\t\t<div class=\"elementor-widget-container\">\n\t\t\t\t\t\t\t\t\t\t\t\t\t\t\t<img width=\"1024\" height=\"698\" src=\"https:\/\/www.tahirmeral.com.tr\/wp-content\/uploads\/2021\/04\/ofis-1024x698.jpg\" class=\"attachment-large size-large\" alt=\"\" loading=\"lazy\" srcset=\"https:\/\/www.tahirmeral.com.tr\/wp-content\/uploads\/2021\/04\/ofis-1024x698.jpg 1024w, https:\/\/www.tahirmeral.com.tr\/wp-content\/uploads\/2021\/04\/ofis-768x524.jpg 768w, https:\/\/www.tahirmeral.com.tr\/wp-content\/uploads\/2021\/04\/ofis-640x436.jpg 640w, https:\/\/www.tahirmeral.com.tr\/wp-content\/uploads\/2021\/04\/ofis-400x273.jpg 400w, https:\/\/www.tahirmeral.com.tr\/wp-content\/uploads\/2021\/04\/ofis-367x250.jpg 367w, https:\/\/www.tahirmeral.com.tr\/wp-content\/uploads\/2021\/04\/ofis-600x409.jpg 600w\" sizes=\"(max-width: 1024px) 100vw, 1024px\" \/>\t\t\t\t\t\t\t\t\t\t\t\t\t\t\t<\/div>\n\t\t\t\t<\/div>\n\t\t\t\t\t<\/div>\n\t\t<\/div>\n\t\t\t\t<div class=\"elementor-column elementor-col-33 elementor-top-column elementor-element elementor-element-d3f37c3 elementor-invisible\" data-id=\"d3f37c3\" data-element_type=\"column\" data-settings=\"{&quot;animation&quot;:&quot;fadeInLeft&quot;,&quot;animation_delay&quot;:&quot;800&quot;}\">\n\t\t\t<div class=\"elementor-widget-wrap elementor-element-populated\">\n\t\t\t\t\t\t\t\t<div class=\"elementor-element elementor-element-2d7d2f2 elementor-widget elementor-widget-image\" data-id=\"2d7d2f2\" data-element_type=\"widget\" data-widget_type=\"image.default\">\n\t\t\t\t<div class=\"elementor-widget-container\">\n\t\t\t\t\t\t\t\t\t\t\t\t\t\t\t<img width=\"1024\" height=\"683\" src=\"https:\/\/www.tahirmeral.com.tr\/wp-content\/uploads\/2021\/04\/gg.jpeg-1024x683.jpg\" class=\"attachment-large size-large\" alt=\"\" loading=\"lazy\" srcset=\"https:\/\/www.tahirmeral.com.tr\/wp-content\/uploads\/2021\/04\/gg.jpeg-1024x683.jpg 1024w, https:\/\/www.tahirmeral.com.tr\/wp-content\/uploads\/2021\/04\/gg.jpeg-768x512.jpg 768w, https:\/\/www.tahirmeral.com.tr\/wp-content\/uploads\/2021\/04\/gg.jpeg-640x427.jpg 640w, https:\/\/www.tahirmeral.com.tr\/wp-content\/uploads\/2021\/04\/gg.jpeg-400x267.jpg 400w, https:\/\/www.tahirmeral.com.tr\/wp-content\/uploads\/2021\/04\/gg.jpeg-367x245.jpg 367w, https:\/\/www.tahirmeral.com.tr\/wp-content\/uploads\/2021\/04\/gg.jpeg-600x400.jpg 600w\" sizes=\"(max-width: 1024px) 100vw, 1024px\" \/>\t\t\t\t\t\t\t\t\t\t\t\t\t\t\t<\/div>\n\t\t\t\t<\/div>\n\t\t\t\t\t<\/div>\n\t\t<\/div>\n\t\t\t\t\t\t<\/div>\r\n\t\t\t\t<\/section>\r\n\t\t\t\t<section class=\"elementor-section elementor-top-section elementor-element elementor-element-a345779 elementor-section-boxed elementor-section-height-default elementor-section-height-default elementor-invisible\" data-id=\"a345779\" data-element_type=\"section\" data-settings=\"{&quot;animation&quot;:&quot;fadeIn&quot;,&quot;animation_delay&quot;:&quot;300&quot;}\">\r\n\t\t\t\r\n\t\t\t\t\t\t\t\t\t<div class=\"elementor-container elementor-column-gap-default\">\r\n\t\t\t\t\t\t\t\t\t\t\t<div class=\"elementor-column elementor-col-100 elementor-top-column elementor-element elementor-element-2ab2b6b\" data-id=\"2ab2b6b\" data-element_type=\"column\">\n\t\t\t<div class=\"elementor-widget-wrap elementor-element-populated\">\n\t\t\t\t\t\t\t\t<div class=\"elementor-element elementor-element-9dc9222 elementor-widget elementor-widget-html\" data-id=\"9dc9222\" data-element_type=\"widget\" data-widget_type=\"html.default\">\n\t\t\t\t<div class=\"elementor-widget-container\">\n\t\t\t<p>Misyonumuz;\n<\/p>\n<p>\nMisyonumuz\nHuzur veren ya\u015fam alanlar\u0131 in\u015fa etmek <br>\n\n\n<\/p>\t\t<\/div>\n\t\t\t\t<\/div>\n\t\t\t\t\t<\/div>\n\t\t<\/div>\n\t\t\t\t\t\t<\/div>\r\n\t\t\t\t<\/section>\r\n\t\t\t\t<section class=\"elementor-section elementor-top-section elementor-element elementor-element-02bac50 elementor-section-boxed elementor-section-height-default elementor-section-height-default elementor-invisible\" data-id=\"02bac50\" data-element_type=\"section\" data-settings=\"{&quot;animation&quot;:&quot;fadeIn&quot;,&quot;animation_delay&quot;:&quot;300&quot;}\">\r\n\t\t\t\r\n\t\t\t\t\t\t\t\t\t<div class=\"elementor-container elementor-column-gap-default\">\r\n\t\t\t\t\t\t\t\t\t\t\t<div class=\"elementor-column elementor-col-100 elementor-top-column elementor-element elementor-element-d3f49d9\" data-id=\"d3f49d9\" data-element_type=\"column\">\n\t\t\t<div class=\"elementor-widget-wrap elementor-element-populated\">\n\t\t\t\t\t\t\t\t<div class=\"elementor-element elementor-element-fff1105 elementor-widget elementor-widget-html\" data-id=\"fff1105\" data-element_type=\"widget\" data-widget_type=\"html.default\">\n\t\t\t\t<div class=\"elementor-widget-container\">\n\t\t\t<p>Vizyonumuz;\n<\/p>\n<p>\nK\u00f6kl\u00fc deneyimlerle hizmet verdi\u011fimiz in\u015faat sekt\u00f6r\u00fcnde tamamlad\u0131\u011f\u0131m\u0131z her yeni projeyle, kurumsal kimli\u011fimizi bir ad\u0131m daha ileriye ta\u015f\u0131rken, Hizmet ula\u015ft\u0131rd\u0131\u011f\u0131m\u0131z her yeni kurum ve bireyleri sa\u011flayaca\u011f\u0131m\u0131z m\u00fc\u015fteri memnuniyeti ile de\u011fer zincirimizin vazge\u00e7ilmez bir par\u00e7as\u0131 olarak aram\u0131za katmakt\u0131r.<\/p>\t\t<\/div>\n\t\t\t\t<\/div>\n\t\t\t\t<div class=\"elementor-element elementor-element-e8726d5 elementor-widget elementor-widget-html\" data-id=\"e8726d5\" data-element_type=\"widget\" data-widget_type=\"html.default\">\n\t\t\t\t<div class=\"elementor-widget-container\">\n\t\t\t<p>De\u011ferlerimiz;\n<\/p>\n<p>\nKalite <br>\nTahir Meral Yap\u0131; i\u015fin en iyisini yapar<br>\nErken Teslim\nTahir Meral Yap\u0131; projelerini zaman\u0131nda teslim eder.<br>\nTasar\u0131m ve Yenilikler<br>\nTahir Meral Yap\u0131; Kadim k\u00fclt\u00fcre sayg\u0131l\u0131, zaman\u0131n ruhuna uygun modern projeler geli\u015ftirir.<br>\nSite Y\u00f6netimi<br>\nTahir Meral Yap\u0131, Projelerinde ge\u00e7ici site y\u00f6netimlerini olu\u015fturur. Kurumsal bir bina y\u00f6netimi devreder.<br>\nTeknik Destek<br>\nTeknik destek konular\u0131nda m\u00fc\u015fterilerine %100 hizmet sa\u011flamay\u0131 ama\u00e7lar.<br>\nMutlu M\u00fc\u015fteri<br>\nM\u00fc\u015fterilerinin mutlu olmas\u0131n\u0131 ama\u00e7lar<\/p>\t\t<\/div>\n\t\t\t\t<\/div>\n\t\t\t\t\t<\/div>\n\t\t<\/div>\n\t\t\t\t\t\t<\/div>\r\n\t\t\t\t<\/section>\r\n\t\t\t\t\t\t<\/div>\n\t\t\t\t\t<\/div>\n\t\t","protected":false},"excerpt":{"rendered":"<p>\u015eirket kurucusu \u201cTahir Meral\u201d zaman\u0131n izd\u00fc\u015f\u00fcmlerini mek\u00e2na yans\u0131tmak i\u00e7in 3G Yap\u0131 \u0130n\u015faat firmas\u0131 ile 2009 y\u0131l\u0131nda in\u015faat sekt\u00f6r\u00fcne girdi. 2012 y\u0131l\u0131nda 3G Yap\u0131 \u0130n\u015faat sekt\u00f6rdeki tecr\u00fcbesini \u201cTahir Meral Yap\u0131\u201d \u00e7at\u0131s\u0131 alt\u0131nda birle\u015ftirdi. Kurulu\u015f felsefesini; insana sa\u011fl\u0131kl\u0131 ya\u015fam alan\u0131, do\u011faya sayg\u0131, \u015fehir k\u00fclt\u00fcr\u00fcne katk\u0131 olarak temellendirdi. Gaziantep gibi kadim bir \u015fehirde tarihi ve k\u00fclt\u00fcrel dokunun ruhuna [&hellip;]<\/p>\n","protected":false},"author":1,"featured_media":0,"parent":0,"menu_order":0,"comment_status":"closed","ping_status":"closed","template":"","meta":{"ngg_post_thumbnail":0},"_links":{"self":[{"href":"https:\/\/www.tahirmeral.com.tr\/index.php?rest_route=\/wp\/v2\/pages\/15"}],"collection":[{"href":"https:\/\/www.tahirmeral.com.tr\/index.php?rest_route=\/wp\/v2\/pages"}],"about":[{"href":"https:\/\/www.tahirmeral.com.tr\/index.php?rest_route=\/wp\/v2\/types\/page"}],"author":[{"embeddable":true,"href":"https:\/\/www.tahirmeral.com.tr\/index.php?rest_route=\/wp\/v2\/users\/1"}],"replies":[{"embeddable":true,"href":"https:\/\/www.tahirmeral.com.tr\/index.php?rest_route=%2Fwp%2Fv2%2Fcomments&post=15"}],"version-history":[{"count":19,"href":"https:\/\/www.tahirmeral.com.tr\/index.php?rest_route=\/wp\/v2\/pages\/15\/revisions"}],"predecessor-version":[{"id":1494,"href":"https:\/\/www.tahirmeral.com.tr\/index.php?rest_route=\/wp\/v2\/pages\/15\/revisions\/1494"}],"wp:attachment":[{"href":"https:\/\/www.tahirmeral.com.tr\/index.php?rest_route=%2Fwp%2Fv2%2Fmedia&parent=15"}],"curies":[{"name":"wp","href":"https:\/\/api.w.org\/{rel}","templated":true}]}}